ime number?
False
Let d = 1877 + 466. Suppose -p = -40972 + d. Is p prime?
True
Let w = 214399 + -105656. Is w composite?
True
Let g(l) = 1957*l**3 + 18*l**2 - 50*l - 59. Is g(6) a prime number?
True
Let k(q) = 296205*q - 6484. Is k(7) prime?
True
Suppose 2*d + 3*d = 4*r + 702345, 0 = -4*d - 3*r + 561876. Is d/28 + 5/20 a prime number?
False
Suppose b = 8, -4*b - 1607633 = -576*d + 571*d. Is d a composite number?
True
Let x = 63 + -69. Is 1/(x/16*(-8)/2082) a composite number?
True
Let w = 8 - 5. Suppose 5247 = 3*v - 2*n, -2*v + 941 + 2557 = w*n. Suppose 2*l + l = v. Is l a prime number?
False
Let v(y) = -3 - 2*y**2 + 2*y + 1 + 29*y**3 - 10*y**3. Is v(5) prime?
True
Is (4/(-6))/((-85)/19898738*16/60) composite?
True
Let p(m) = 25262*m**2 + 77*m - 220. Is p(3) prime?
False
Let g(w) = 1188*w**3 - w**2 - 34*w + 34. Is g(1) a composite number?
False
Let f(p) = p**3 - 17*p**2 - 2*p - 21. Suppose 0 = -2*m + 7*m - 90. Let u be f(m). Suppose -11*y + u = -8*y. Is y a prime number?
True
Let b(t) = t**3 - 47*t**2 + 9*t + 13. Let n be b(15). Let d = n + 12243. Is d prime?
False
Let r = -443741 + 641524. Is r a prime number?
False
Let k(x) = -26669*x - 2307. Is k(-8) prime?
False
Let d = -5 + -1. Let k(l) = 36*l**2 - 2*l + 13. Let s be k(d). Suppose -u = 2*b - s, -3*b + 1327 = -b - u. Is b a prime number?
False
Let m(p) be the first derivative of -51*p - 2*p - 33 - 4*p - 12*p + 194*p**2. Is m(16) prime?
False
Is ((-177)/(-118))/((-3)/(-99454)) a prime number?
True
Suppose -2*d - 4*z = -785206, -3*z + 760376 = 3*d - 417433. Is d a composite number?
True
Suppose 41 - 371 = 55*t. Is 3/(t - 12594/(-2098)) a prime number?
True
Let x(f) = f**3 + 25*f**2 + 32*f - 2. Let v be x(14). Suppose h + 5385 = 3*h + 5*n, -v = -3*h - 5*n. Is h a composite number?
True
Let d(h) = -16*h**3 - 50*h**2 - 159*h - 64. Is d(-21) a prime number?
True
Let k be (-23)/(-46) - 2/4. Suppose k = x - 5*x + 19132. Is x a prime number?
True
Suppose -49 = 6*a + 11. Let d(o) = o**3 + 8*o**2 - 13*o + 15. Let q be d(a). Is 10455/33 - 10/q composite?
False
Is ((-4)/6 + 1)*(-18 - 460203)*-1 composite?
False
Suppose 24 = 13*o - 7*o. Suppose 7*y - 2*y + 3*p - 34 = 0, -y - o = -3*p. Suppose -5*u = y*s - 11625, -3*u + 4*s - 2018 = -8965. Is u composite?
True
Let s(l) be the third derivative of l**5/60 - l**4/6 - 8*l**3/3 - 6*l**2. Let p be s(7). Suppose 722 - 67 = r - 2*n, -658 = -r + p*n. Is r prime?
True
Let u = 71284 + -4965. Is u a composite number?
True
Is (-1 - 177468/(-8)) + 99/(-66) a prime number?
False
Suppose 2*d + v = 140, -6 - 2 = -2*v. Let o = -67 + d. Is ((-4)/(-12))/(o*(-2)/(-8166)) a composite number?
False
Let d(z) = 2*z**2. Let y be d(-1). Suppose 14*t = y*t + 852. Is t - 1 - (-24)/6 prime?
False
Let a = 206 - 193. Suppose -2*x = 5*c - 12339, -2*c + 4932 = 15*x - a*x. Is c a composite number?
True
Suppose 0 = -4*y - 2*j + 3610, -5*y + 3*j = -9*y + 3609. Is 2/21 + 4030003/y composite?
False
Suppose -5*u - 90 = -0*u. Let l(z) be the first derivative of -z**4/4 - 8*z**3/3 + 2*z**2 - 13*z + 286. Is l(u) a prime number?
False
Let z(s) = -s**3 - 9*s**2 - 17*s + 6. Let l be z(-6). Suppose l = 5*q + 1116 - 12301. Is q prime?
True
Suppose -q = -3*h + q - 8, -3*h + 5*q = 11. Let k be (0 - h) + (-5 - -6). Suppose -5*g = 3*w - 2396, -3*g + w - k*w = -1438. Is g a prime number?
False
Let w(a) = -5*a - 3. Let f be w(-1). Suppose -f*g + 3*g = 0. Suppose g = -s + 4*s - 753. Is s prime?
True
Let r = 939 + -913. Suppose 403552 = r*t + 6*t. Is t a composite number?
False
Suppose 25 = 4*u + u, -2*g - 4*u + 56 = 0. Suppose -4*x = -x - g. Suppose 0 = x*p - 19028 - 1918. Is p composite?
False
Suppose 35 = 3*o - 1. Is (818/6)/((-56)/o + 5) prime?
True
Suppose -2*v = -v + 25201 - 222620. Is v prime?
True
Let i = 172799 - 89721. Is i a prime number?
False
Let b(a) = 176370*a**3 - 10*a**2 + 20*a - 11. Is b(1) prime?
True
Suppose -2*w - 2*j = -997842, 61*w + 3*j = 66*w - 2494573. Is w prime?
False
Let l = 138 - 130. Is l/(-6)*(-560391)/52 composite?
False
Let i(r) = 17*r**3 + 17*r**2 - r + 274. Is i(15) a composite number?
True
Suppose 0 = 5*g - 2*l - 81421, -3*l = -g - 7*l + 16271. Is g composite?
True
Let q(f) = 673*f - 46. Let z = 660 - 655. Is q(z) composite?
False
Suppose -634483 = 125*n - 126*n + 2*x, -5*x - 35 = 0. Is n a composite number?
True
Suppose -79 = -10*q + 711. Let n = q - 63. Is n/(-2 + -2) - -7155 a prime number?
True
Let a = -398 + 401. Suppose -7*y - 32299 = -a*o, -3*o - 5*y = -3*y - 32317. Is o prime?
True
Let c be 6 + 5/(0 + -5). Suppose 0*w + h = w - 6994, 14009 = 2*w + c*h. Is w a prime number?
True
Suppose -3*z = -3*g - 278 + 4778, 0 = -4*z - 3*g - 5965. Let d = z + 2738. Is d prime?
False
Let u(w) = w**3 - 6*w**2 + 10*w - 5. Let z be u(4). Suppose -o = 2*p - 5069, -z*o + p + p + 15239 = 0. Is o composite?
False
Let r(b) be the third derivative of 11*b**5/30 + 3*b**4/4 + 59*b**3/6 + 9*b**2 + 1. Is r(-12) composite?
False
Let u(v) = -5*v**3 + 2*v**2 - 3*v - 1. Let j(n) = n**2 + 6*n + 6. Let f be j(-4). Let r be u(f). Suppose 0 = -g + r + 1020. Is g composite?
True
Let q = -1316536 - -3641787. Is q a prime number?
True
Let s be 2*-1*10/4. Is (2/(-5))/(9702276/1940460 + s) composite?
False
Suppose 1237*k + 76757 = 1238*k. Is k a composite number?
False
Let g(c) = 601*c**3 + 31*c**2 + 13*c - 11. Is g(4) composite?
True
Suppose -6*x + 8*x = 2*z - 89758, -5*x = 5*z - 224415. Is z a prime number?
False
Let u = -150 - -159. Suppose -3*a + y + 14626 = 0, -7*y = 2*a - u*y - 9756. Is a prime?
False
Suppose -22*k + 29*k - 25312 - 31591 = 0. Is k a prime number?
False
Let k = 39964 - 17127. Is k prime?
False
Let b(r) = -6*r**2 + 5 + 11 + 417*r**3 + 5*r**2 + 8*r + 2*r - 9. Is b(3) a composite number?
False
Let o = 1144735 + -485009. Is o a composite number?
True
Let h be (-6)/7 + 1*1728/56. Is (-3)/(1 + h/(-12)) + 20197 a composite number?
True
Is 261546/(-18)*(-8 - 7) prime?
False
Let z be (110/(-55))/(4/(-318)). Is -3 + z + -7 + 0 composite?
False
Suppose -2*y + 75*d + 1157124 = 73*d, 0 = y - 5*d - 578582. Is y a composite number?
True
Let o be 601*(5 - 2 - 5). Let b = o + 1851. Is b composite?
True
Let v(t) = -9 + 9 - 28 + 656*t. Let b be v(10). Suppose 6*h - 1634 = b. Is h a composite number?
False
Suppose 0 = -2*u + 4, -5*z - 4*u - 282220 = -770933. Is z prime?
False
Let x(h) = 10087*h - 386. Is x(7) composite?
False
Let n be (-21892)/2*((-36)/24 + 2). Let f = n + 15666. Is f a prime number?
True
Let m = -183571 + 276182. Is m composite?
True
Let c(t) = -2449*t + 295. Is c(-124) prime?
False
Let y = 174 - 174. Suppose y*k + 4*i = 5*k - 3285, -i - 3270 = -5*k. Is k prime?
True
Let j be (13 + -27)*1/(-2). Suppose -2*v - 10 = -j*v. Suppose -v*x + 7*x = 0, -2*x + 467 = l. Is l a composite number?
False
Suppose -3*b - 5*a = -0*b - 593717, a + 791638 = 4*b. Is b a prime number?
True
Let p = -8 + -6. Let v = p - -14. Suppose v = -n + 5*i + 1185, -n - 4*i - 84 + 1233 = 0. Is n a composite number?
True
Let f = -13704 - -24515. Is f prime?
False
Suppose 34 + 12 = -a - 2*o, 5*o = -2*a - 95. Let p = a - -82. Suppose -g = p - 175. Is g a prime number?
False
Let c(y) = -y**2 - 8*y + 15. Let x be c(-9). Suppose 2*s = x, w - 6*s = -2*s - 7. Suppose -3*u + w*u = -2*a + 3510, -3*a - u + 5273 = 0. Is a composite?
False
Suppose 2*l + 3*r + 29 = 0, -2*l = -4*r - 4 - 2. Let h(q) = -306*q + 17. Is h(l) a prime number?
False
Let d = 1255 + -190. Let n = d + -711. Suppose 0 = -2*m + 3*g + 2*g + 399, -2*m + n = 4*g. Is m composite?
True
Let a = -194 + -175. Let c = 1053 - 481. Let g = c + a. Is g composite?
True
Let c(h) = -63549*h + 8. Is c(-9) a composite number?
True
Suppose 2 = s, 3*k - s + 738 = 7*k. Suppose -t - 2*z + 1161 = 0, -2*t + 2513 = -3*z + k. Is t prime?
True
Suppose 2*b - 5106 = -156. Is (b - (0 + 2))/1 a composite number?
False
Let c be (-48)/56*(-1 - 6). Suppose 0 = -0*m - 3*m - c. Is (1/m)/((-4)/1448) a prime number?
True
Suppose 108*w + 347355 = 381107 + 535084. Is w a composite number?
True
Let h(g) = -2*g**3 + 20*g**2 + 32*g - 12. Let n be h(16). Let i = n - -5793. Is i prime?
True
Suppose -3*j - 13 = -2*k, 0 = j + j - 3*k + 2. Suppose 10 = 3*g + 16. Is g + (-2 - -81) - (j - -5) composite?
False
Suppose -4*k + 78 = -2*o, -k - o + 15 = -0*o. Let g(u) = -u**3 + 19*u**2 - 17*u - 19. Let z be g(k